d by (1 - (-3)/(-2))*-34.
16
Suppose c + 3*c - m - 49 = 0, 5*c - 4*m = 53. Suppose -96 = -5*k + k. Calculate the remainder when k is divided by c.
11
Suppose z + 0*z = 0. Suppose z = -4*h - 5*s - 1 + 4, h + 4*s = -13. What is the remainder when 12 is divided by h?
5
What is the remainder when 16 is divided by 1*99/6*4/6?
5
Calculate the remainder when (2*-1)/(36/(-378)) is divided by 12.
9
Suppose 2*z + 40 + 76 = 5*d, 0 = 5*d + 4*z - 128. Let m(k) = 3*k**2 - 4*k - 2. What is the remainder when m(-5) is divided by d?
21
Let q = 27 + -23. What is the remainder when 13 is divided by q?
1
Let q(o) = -o + 21. Let f = 17 - 9. What is the remainder when f is divided by q(16)?
3
Let x be (24/(-60))/(2/(-30)). What is the remainder when ((-4)/x)/(4/(-282)) is divided by 16?
15
Suppose 4*y - 2*b - 350 = b, 277 = 3*y + 5*b. Suppose 0 = 3*h - y + 2. What is the remainder when h is divided by 36/4 + (4 - 3)?
9
Suppose t - 33 = -5*l, 5*t - 17 = l + 122. Suppose 0 = -3*g + 4*v + 42, -5*g + 3*g + 3*v = -t. Let m = 5 - -3. Calculate the remainder when g is divided by m.
6
Let h = 26 - -7. Suppose 4*d = j + 6*d - 13, -3*j = 3*d - 45. What is the remainder when h is divided by j?
16
Let x = -5 - -3. What is the remainder when 0 + (0 - 54/x) is divided by 14?
13
Suppose 0 = h + 3*h - 200. Calculate the remainder when h is divided by 13.
11
Suppose h = -4*p - 4, -2*p = 4*h - 6 - 6. What is the remainder when 17 is divided by (-1)/(p/(-24)*-2)?
5
Let d(h) = -h**3 - 6*h**2 + 4*h + 1. Suppose -7*j = -2*j + 35. Let o = j - -15. What is the remainder when d(-7) is divided by o?
6
Suppose 3*r - 103 - 8 = 3*o, 0 = 5*r + o - 161. What is the remainder when 131 is divided by r?
32
Let o be ((-4)/(-2))/(6/9). Calculate the remainder when (-8)/6*o/(-2) is divided by 2.
0
Suppose -5*j + 20 = -g, 0*g - 5*g + j = 4. Suppose 0*a - 2*a + 80 = g. What is the remainder when a is divided by 14?
12
Suppose 3*k + 17 = -49. Let n = k + 38. Calculate the remainder when n is divided by 6.
4
Let d(h) = h**2 + h - 13. Let c(g) = 2*g**3 - g**2 + g + 1. Calculate the remainder when d(-9) is divided by c(2).
14
Suppose 4*c - 3*c + 156 = 4*t, 46 = t - 2*c. Calculate the remainder when 146 is divided by t.
32
Suppose 0*m - 675 = -5*m - 4*h, -m + 5*h = -164. What is the remainder when m is divided by 28?
27
Let v be (1 + -4)*(-6)/9. Suppose -v*q + 20 = -2*i, 5*q + 3*i + 0*i - 66 = 0. What is the remainder when 23 is divided by q?
11
Let y be 9 + 1/((-3)/9). Suppose -2*d + y = d. What is the remainder when (6 + -1)*(1 - 0) is divided by d?
1
Let y(b) = -2*b**2 - 21*b + 25. Let o(a) = a**2 + 11*a - 13. Let g(k) = -11*o(k) - 6*y(k). Calculate the remainder when g(7) is divided by 26.
25
Suppose -155 = -3*s - 2*s. Suppose 3*x - 17 = 4*t, 3*t + 2*t + 13 = 3*x. What is the remainder when s is divided by x?
9
Let s = 29 - -25. What is the remainder when s is divided by 28?
26
Let i(d) = -1 + 2*d**2 - 5*d - d**3 + 2 + 2*d**2 + 3*d. What is the remainder when ((-3)/(-2))/((-6)/(-20)) is divided by i(3)?
1
Let o = 3 - -2. Suppose -c - 6 = -3*g, -12 = -c + 2*g - o*g. Let k(j) = j**3 - j + 4. Calculate the remainder when k(2) is divided by c.
1
What is the remainder when (-4 + 0)*781/(-44) is divided by 18?
17
Suppose 0 = -4*c + 91 - 11. What is the remainder when 86 is divided by 432/c - 6/(-15)?
20
Let y be 1/6 - 61/6. What is the remainder when 5*(8/y + 3) is divided by 6?
5
Let p(c) = -c**2 - 8*c - 5. Let k(t) be the second derivative of t**4/12 - t**3/3 - 2*t**2 - t. Calculate the remainder when k(6) is divided by p(-4).
9
What is the remainder when 58/(-1)*3/(-2) is divided by 18?
15
Calculate the remainder when 28 is divided by (-60)/(-9)*9/6.
8
Suppose -3*u + 58 = -t, t = 5*u - 4*t - 80. Calculate the remainder when u is divided by 6.
3
Suppose 0 = -3*j + 4*w + 159, -2*w + 0 = -6. Calculate the remainder when j is divided by 15.
12
Suppose -40 = -4*b + 120. Let v(u) = -u**3 - 16*u**2 + 14*u - 40. What is the remainder when b is divided by v(-17)?
7
Let m be 0 + (-3 - 9/(-3)). Suppose g = 3*g - 74. What is the remainder when g is divided by m + 13 + (-7 - -7)?
11
Suppose -27 = -6*q + 21. Calculate the remainder when (2/2)/(3/66) is divided by q.
6
Let j(m) = m + 14. What is the remainder when 39 is divided by j(0)?
11
Suppose g + 4*g = 0. Suppose 3*h - n + 2*n = 19, g = 4*h + 2*n - 24. What is the remainder when 27 is divided by h?
6
Let x = -2 + 12. Suppose 0*b - 2*b = -x. What is the remainder when b is divided by 2?
1
Let w be (-5)/(-1) + -4 + 2. Let v(x) = -x**3 + 3*x**2 + 2*x. Calculate the remainder when v(w) is divided by (-27)/(-6) + (-2)/4.
2
Suppose -5*v + 3*h - 4 = -1, 3*v + 3*h - 3 = 0. Suppose 4*k - 125 = -k - 4*x, 3*k + 4*x - 83 = v. Calculate the remainder when k is divided by 8.
5
Let p(q) = -30*q - 1. Let r = 8 - -7. What is the remainder when p(-2) is divided by r?
14
Let k(m) = m**2 + 11*m - 1. What is the remainder when k(2) is divided by 13?
12
Let p be ((-3)/2)/((-1)/2). Suppose 2*w - p*w = 5*f - 12, 2*w = 2*f. What is the remainder when 2 is divided by f?
0
Let a(n) = 4*n**2 - 6*n - 1. What is the remainder when a(-3) is divided by 19?
15
Let z(b) = b**2 + 2*b + 4. Let u(r) = r**2 - 4*r + 3. Let w be u(4). Calculate the remainder when 55 is divided by z(w).
17
Let f(a) = a**3 + 4*a**2 - 4*a + 3. Let b be f(-5). Let u = b - -4. Calculate the remainder when 14 is divided by 3*u/9*12.
6
Let t = 43 - 21. Suppose -4*k + 26 = -3*c - 0*c, -5*c - 5*k = 20. Let g = 14 + c. What is the remainder when t is divided by g?
6
Let p(d) = d**2 + d - 7. Let x = 20 - 14. Calculate the remainder when p(x) is divided by 9.
8
Let t(f) = 2*f - 4. Let q = 23 + -1. Calculate the remainder when q is divided by t(8).
10
Let f = 39 - 14. What is the remainder when f is divided by 9?
7
Suppose -7*q = -2*q - 60. Let y = 18 + q. What is the remainder when y is divided by 16?
14
Let u(z) = -z**3 - 8*z**2 - 2*z - 17. What is the remainder when u(-9) is divided by 12?
10
Suppose 5*z - 97 = -2*o, -3*o = 2*z + 2*o - 43. Let v be 5/((-5)/(-4)) + -2. Suppose 2*l + v - 16 = 0. Calculate the remainder when z is divided by l.
5
Calculate the remainder when 55 is divided by (266/35)/((-4)/(-10)).
17
Let a = 19 - -2. What is the remainder when a is divided by 460/60 + (-2)/(-6)?
5
Let u = -34 - -56. Suppose -13 = j - b, 2*b = -1 + 5. Let n = u + j. What is the remainder when n is divided by 7?
4
Let s(v) = 44*v + 2. Let j be (-1)/((-2)/32 + 0). Suppose -48 = -2*c - j. What is the remainder when s(1) is divided by c?
14
Let a be 2 - 63/6*-2. Suppose -p = 3*n - a, p - 2*n - 16 = 2. What is the remainder when 57 is divided by p?
17
Let f(d) = 2*d - 18. Let i be f(12). Let s = i - -7. What is the remainder when 22 is divided by s?
9
Suppose -2*p = -2*z - 52, -p - z = p - 46. Calculate the remainder when -4*((-19)/2 - 2) is divided by p.
22
Suppose 91*d - 45 = 88*d. What is the remainder when 58 is divided by d?
13
Suppose -3*x = -4*i - 307, -x + i + 77 + 27 = 0. Calculate the remainder when x is divided by 57.
52
Suppose q = 4 + 26. Suppose 6*d - q = d. Suppose -u + 7 = -4. What is the remainder when u is divided by d?
5
Suppose 3*m + 3*u - 239 = 73, 5*m - 5*u - 530 = 0. What is the remainder when m is divided by 27?
24
Let q = 9 - 5. What is the remainder when (2*2)/((-4)/(-10)) is divided by q?
2
Suppose d + 26 = 3*h, h + 1 = -4*d + 14. What is the remainder when 44 is divided by h?
8
Suppose 0 = 4*j - j - 9. Suppose 0 = 4*p + j*p - 84. What is the remainder when 45 is divided by p?
9
Suppose -3*m = -m - 52. What is the remainder when 51 is divided by m?
25
Let s = -5 + -3. What is the remainder when (1 - -16) + -2 + 3 is divided by (s/10)/((-4)/50)?
8
Calculate the remainder when 871/4 + (-3)/(-12) is divided by 17.
14
Let p(z) = z + 29. What is the remainder when p(-22) is divided by 5?
2
Let q = 18 + 11. Let g = q - 16. What is the remainder when g is divided by 5?
3
Suppose -3*k + 2*m + 13 = -12, -5*k = -3*m - 42. Calculate the remainder when 17 is divided by k.
8
Let g = 94 - 87. Calculate the remainder when 18 is divided by g.
4
Let l be (-56)/(-3) + 2/(-3). Suppose -l = -5*q + 12. What is the remainder when q is divided by 4?
2
Let i be 0 + 27 + -2 + 1. What is the remainder when (6/(-4) + 2)*14 is divided by 